{"id":872,"date":"2023-04-21T22:31:12","date_gmt":"2023-04-21T19:31:12","guid":{"rendered":"https:\/\/canmatematik.com\/?page_id=872"},"modified":"2023-07-29T12:53:23","modified_gmt":"2023-07-29T09:53:23","slug":"egitmenlerimizin-ortak-ozellikleri","status":"publish","type":"page","link":"https:\/\/canmatematik.com\/?page_id=872","title":{"rendered":"E\u011fitmenlerimizin Ortak \u00d6zellikleri"},"content":{"rendered":"\n<div class=\"wp-block-media-text alignwide is-stacked-on-mobile\" style=\"grid-template-columns:54% auto\"><figure class=\"wp-block-media-text__media\"><img fetchpriority=\"high\" decoding=\"async\" width=\"1024\" height=\"1024\" src=\"https:\/\/canmatematik.com\/wp-content\/uploads\/2023\/07\/c1-1024x1024.png\" alt=\"\" class=\"wp-image-1355 size-full\" srcset=\"https:\/\/canmatematik.com\/wp-content\/uploads\/2023\/07\/c1-1024x1024.png 1024w, https:\/\/canmatematik.com\/wp-content\/uploads\/2023\/07\/c1-300x300.png 300w, https:\/\/canmatematik.com\/wp-content\/uploads\/2023\/07\/c1-150x150.png 150w, https:\/\/canmatematik.com\/wp-content\/uploads\/2023\/07\/c1-768x768.png 768w, https:\/\/canmatematik.com\/wp-content\/uploads\/2023\/07\/c1-850x850.png 850w, https:\/\/canmatematik.com\/wp-content\/uploads\/2023\/07\/c1-100x100.png 100w, https:\/\/canmatematik.com\/wp-content\/uploads\/2023\/07\/c1.png 1080w\" sizes=\"(max-width: 1024px) 100vw, 1024px\" \/><\/figure><div class=\"wp-block-media-text__content\">\n<blockquote class=\"wp-block-quote is-layout-flow wp-block-quote-is-layout-flow\">\n<p><strong>Karakter do\u011fru olmal\u0131<\/strong><\/p>\n<cite>E\u011fitmenlerimizin hepsi akademik olarak kendini kan\u0131tlam\u0131\u015f ki\u015filerdir. Akademik olarak ba\u015far\u0131l\u0131 olmanun yan\u0131nda ayr\u0131ca hepsi g\u00fclery\u00fczl\u00fc , samimi ve al\u00e7ak g\u00f6n\u00fcll\u00fc ki\u015filerdir. E\u011fitmenlerimizi sisteme dahil ederken kendi koydu\u011fumuz AK ( Akademi + Karakter )  prensibine g\u00f6re se\u00e7iyoruz.<\/cite><\/blockquote>\n<\/div><\/div>\n\n\n\n<div class=\"wp-block-media-text alignwide is-stacked-on-mobile\"><figure class=\"wp-block-media-text__media\"><img decoding=\"async\" width=\"1024\" height=\"1024\" src=\"https:\/\/canmatematik.com\/wp-content\/uploads\/2023\/07\/c2-1024x1024.png\" alt=\"\" class=\"wp-image-1357 size-full\" srcset=\"https:\/\/canmatematik.com\/wp-content\/uploads\/2023\/07\/c2-1024x1024.png 1024w, https:\/\/canmatematik.com\/wp-content\/uploads\/2023\/07\/c2-300x300.png 300w, https:\/\/canmatematik.com\/wp-content\/uploads\/2023\/07\/c2-150x150.png 150w, https:\/\/canmatematik.com\/wp-content\/uploads\/2023\/07\/c2-768x768.png 768w, https:\/\/canmatematik.com\/wp-content\/uploads\/2023\/07\/c2-850x850.png 850w, https:\/\/canmatematik.com\/wp-content\/uploads\/2023\/07\/c2-100x100.png 100w, https:\/\/canmatematik.com\/wp-content\/uploads\/2023\/07\/c2.png 1080w\" sizes=\"(max-width: 1024px) 100vw, 1024px\" \/><\/figure><div class=\"wp-block-media-text__content\">\n<blockquote class=\"wp-block-quote is-layout-flow wp-block-quote-is-layout-flow\">\n<p><strong>Etkin Dinleme<\/strong><\/p>\n<cite>&nbsp;E\u011fitmenlerimizin ta\u015f\u0131mas\u0131 gereken en etkili yetkinliklerden birisidir. \u00d6\u011frencinin seviyesini, dersteki d\u00fczeyini ve konuya hakimiyetini anlamak i\u00e7in dinlemesi \u00f6\u011frenme s\u00fcrecinde eksik kalan noktalar\u0131n belirlenmesi a\u00e7\u0131s\u0131ndan olduk\u00e7a \u00f6nem ta\u015f\u0131r.<\/cite><\/blockquote>\n<\/div><\/div>\n\n\n\n<div class=\"wp-block-media-text alignwide is-stacked-on-mobile\"><figure class=\"wp-block-media-text__media\"><img decoding=\"async\" width=\"1024\" height=\"1024\" src=\"https:\/\/canmatematik.com\/wp-content\/uploads\/2023\/07\/c4-1024x1024.png\" alt=\"\" class=\"wp-image-1359 size-full\" srcset=\"https:\/\/canmatematik.com\/wp-content\/uploads\/2023\/07\/c4-1024x1024.png 1024w, https:\/\/canmatematik.com\/wp-content\/uploads\/2023\/07\/c4-300x300.png 300w, https:\/\/canmatematik.com\/wp-content\/uploads\/2023\/07\/c4-150x150.png 150w, https:\/\/canmatematik.com\/wp-content\/uploads\/2023\/07\/c4-768x768.png 768w, https:\/\/canmatematik.com\/wp-content\/uploads\/2023\/07\/c4-850x850.png 850w, https:\/\/canmatematik.com\/wp-content\/uploads\/2023\/07\/c4-100x100.png 100w, https:\/\/canmatematik.com\/wp-content\/uploads\/2023\/07\/c4.png 1080w\" sizes=\"(max-width: 1024px) 100vw, 1024px\" \/><\/figure><div class=\"wp-block-media-text__content\">\n<blockquote class=\"wp-block-quote is-layout-flow wp-block-quote-is-layout-flow\">\n<p><strong>D\u00fczenli testler &amp; al\u0131\u015ft\u0131rmalar<\/strong><\/p>\n<cite>E\u011fitmenlerimiz t\u00fcm \u00f6\u011frencilerine okuldaki program\u0131na ve karakteristik \u00f6zelliklerine g\u00f6re \u00f6dev ve s\u0131nav d\u00fczenlemektedir. T\u00fcm e\u011fitmenlerimiz \u00f6\u011frencilerini 2 veya 3 konuda bir quiz ve s\u0131navlara tabi tutmaktad\u0131r.<\/cite><\/blockquote>\n<\/div><\/div>\n\n\n\n<div class=\"wp-block-media-text alignwide is-stacked-on-mobile\"><figure class=\"wp-block-media-text__media\"><img loading=\"lazy\" decoding=\"async\" width=\"1024\" height=\"1024\" src=\"https:\/\/canmatematik.com\/wp-content\/uploads\/2023\/07\/c3-1024x1024.png\" alt=\"\" class=\"wp-image-1358 size-full\" srcset=\"https:\/\/canmatematik.com\/wp-content\/uploads\/2023\/07\/c3-1024x1024.png 1024w, https:\/\/canmatematik.com\/wp-content\/uploads\/2023\/07\/c3-300x300.png 300w, https:\/\/canmatematik.com\/wp-content\/uploads\/2023\/07\/c3-150x150.png 150w, https:\/\/canmatematik.com\/wp-content\/uploads\/2023\/07\/c3-768x768.png 768w, https:\/\/canmatematik.com\/wp-content\/uploads\/2023\/07\/c3-850x850.png 850w, https:\/\/canmatematik.com\/wp-content\/uploads\/2023\/07\/c3-100x100.png 100w, https:\/\/canmatematik.com\/wp-content\/uploads\/2023\/07\/c3.png 1080w\" sizes=\"(max-width: 1024px) 100vw, 1024px\" \/><\/figure><div class=\"wp-block-media-text__content\">\n<blockquote class=\"wp-block-quote is-layout-flow wp-block-quote-is-layout-flow\">\n<p><strong>Her zaman esnek ve g\u00fcvenilir<\/strong><\/p>\n<cite>E\u011fitmenimiz ve \u00f6\u011frencimiz kendi aralar\u0131nda m\u00fcsait olduklar\u0131 zamana g\u00f6re program yaparlar. Bu program \u00e7ok acil bir \u015fey olmad\u0131\u011f\u0131 s\u00fcrece de\u011fi\u015fmez. E\u011fitmenlerimiz , sorumluluk sahibi ve matemati\u011fi a\u015fkla anlatan ki\u015filerden olu\u015fur. <\/cite><\/blockquote>\n<\/div><\/div>\n\n\n\n<div class=\"wp-block-buttons is-content-justification-center is-layout-flex wp-container-core-buttons-is-layout-16018d1d wp-block-buttons-is-layout-flex\">\n<div class=\"wp-block-button is-style-outline is-style-outline--1\"><a class=\"wp-block-button__link wp-element-button\" href=\"https:\/\/forms.gle\/S6X7sw3fMHcubVpp8\">EK\u0130bimiZE KATIL<\/a><\/div>\n<\/div>\n","protected":false},"excerpt":{"rendered":"","protected":false},"author":1,"featured_media":0,"parent":0,"menu_order":0,"comment_status":"closed","ping_status":"closed","template":"","meta":{"om_disable_all_campaigns":false,"inline_featured_image":false,"_monsterinsights_skip_tracking":false,"_monsterinsights_sitenote_active":false,"_monsterinsights_sitenote_note":"","_monsterinsights_sitenote_category":0,"footnotes":""},"class_list":["post-872","page","type-page","status-publish","hentry"],"yoast_head":"<!-- This site is optimized with the Yoast SEO plugin v22.7 - https:\/\/yoast.com\/wordpress\/plugins\/seo\/ -->\n<title>E\u011fitmenlerimizin Ortak \u00d6zellikleri - Can Matematik<\/title>\n<meta name=\"description\" content=\"Akademik olarak ba\u015far\u0131l\u0131 olman\u0131n yan\u0131nda ayr\u0131ca hepsi g\u00fclery\u00fczl\u00fc , samimi ve al\u00e7ak g\u00f6n\u00fcll\u00fc ki\u015filerdir. E\u011fitmenlerimizin hepsi s\u0131navla al\u0131n\u0131r.\" \/>\n<meta name=\"robots\" content=\"index, follow, max-snippet:-1, max-image-preview:large, max-video-preview:-1\" \/>\n<link rel=\"canonical\" href=\"https:\/\/canmatematik.com\/?page_id=872\" \/>\n<meta property=\"og:locale\" content=\"tr_TR\" \/>\n<meta property=\"og:type\" content=\"article\" \/>\n<meta property=\"og:title\" content=\"E\u011fitmenlerimizin Ortak \u00d6zellikleri - Can Matematik\" \/>\n<meta property=\"og:description\" content=\"Akademik olarak ba\u015far\u0131l\u0131 olman\u0131n yan\u0131nda ayr\u0131ca hepsi g\u00fclery\u00fczl\u00fc , samimi ve al\u00e7ak g\u00f6n\u00fcll\u00fc ki\u015filerdir. E\u011fitmenlerimizin hepsi s\u0131navla al\u0131n\u0131r.\" \/>\n<meta property=\"og:url\" content=\"https:\/\/canmatematik.com\/?page_id=872\" \/>\n<meta property=\"og:site_name\" content=\"Can Matematik\" \/>\n<meta property=\"article:modified_time\" content=\"2023-07-29T09:53:23+00:00\" \/>\n<meta property=\"og:image\" content=\"https:\/\/canmatematik.com\/wp-content\/uploads\/2023\/07\/c1-1024x1024.png\" \/>\n<meta name=\"twitter:card\" content=\"summary_large_image\" \/>\n<meta name=\"twitter:label1\" content=\"Tahmini okuma s\u00fcresi\" \/>\n\t<meta name=\"twitter:data1\" content=\"1 dakika\" \/>\n<script type=\"application\/ld+json\" class=\"yoast-schema-graph\">{\"@context\":\"https:\/\/schema.org\",\"@graph\":[{\"@type\":\"WebPage\",\"@id\":\"https:\/\/canmatematik.com\/?page_id=872\",\"url\":\"https:\/\/canmatematik.com\/?page_id=872\",\"name\":\"E\u011fitmenlerimizin Ortak \u00d6zellikleri - Can Matematik\",\"isPartOf\":{\"@id\":\"https:\/\/canmatematik.com\/#website\"},\"primaryImageOfPage\":{\"@id\":\"https:\/\/canmatematik.com\/?page_id=872#primaryimage\"},\"image\":{\"@id\":\"https:\/\/canmatematik.com\/?page_id=872#primaryimage\"},\"thumbnailUrl\":\"https:\/\/canmatematik.com\/wp-content\/uploads\/2023\/07\/c1-1024x1024.png\",\"datePublished\":\"2023-04-21T19:31:12+00:00\",\"dateModified\":\"2023-07-29T09:53:23+00:00\",\"description\":\"Akademik olarak ba\u015far\u0131l\u0131 olman\u0131n yan\u0131nda ayr\u0131ca hepsi g\u00fclery\u00fczl\u00fc , samimi ve al\u00e7ak g\u00f6n\u00fcll\u00fc ki\u015filerdir. E\u011fitmenlerimizin hepsi s\u0131navla al\u0131n\u0131r.\",\"breadcrumb\":{\"@id\":\"https:\/\/canmatematik.com\/?page_id=872#breadcrumb\"},\"inLanguage\":\"tr\",\"potentialAction\":[{\"@type\":\"ReadAction\",\"target\":[\"https:\/\/canmatematik.com\/?page_id=872\"]}]},{\"@type\":\"ImageObject\",\"inLanguage\":\"tr\",\"@id\":\"https:\/\/canmatematik.com\/?page_id=872#primaryimage\",\"url\":\"https:\/\/canmatematik.com\/wp-content\/uploads\/2023\/07\/c1-1024x1024.png\",\"contentUrl\":\"https:\/\/canmatematik.com\/wp-content\/uploads\/2023\/07\/c1-1024x1024.png\"},{\"@type\":\"BreadcrumbList\",\"@id\":\"https:\/\/canmatematik.com\/?page_id=872#breadcrumb\",\"itemListElement\":[{\"@type\":\"ListItem\",\"position\":1,\"name\":\"Anasayfa\",\"item\":\"https:\/\/canmatematik.com\/\"},{\"@type\":\"ListItem\",\"position\":2,\"name\":\"E\u011fitmenlerimizin Ortak \u00d6zellikleri\"}]},{\"@type\":\"WebSite\",\"@id\":\"https:\/\/canmatematik.com\/#website\",\"url\":\"https:\/\/canmatematik.com\/\",\"name\":\"Can Matematik\",\"description\":\"\u00d6zel Hissettirir\",\"publisher\":{\"@id\":\"https:\/\/canmatematik.com\/#organization\"},\"potentialAction\":[{\"@type\":\"SearchAction\",\"target\":{\"@type\":\"EntryPoint\",\"urlTemplate\":\"https:\/\/canmatematik.com\/?s={search_term_string}\"},\"query-input\":\"required name=search_term_string\"}],\"inLanguage\":\"tr\"},{\"@type\":\"Organization\",\"@id\":\"https:\/\/canmatematik.com\/#organization\",\"name\":\"Can Matematik\",\"url\":\"https:\/\/canmatematik.com\/\",\"logo\":{\"@type\":\"ImageObject\",\"inLanguage\":\"tr\",\"@id\":\"https:\/\/canmatematik.com\/#\/schema\/logo\/image\/\",\"url\":\"http:\/\/canmatematik.com\/wp-content\/uploads\/2023\/04\/Can-Matematik-2.png\",\"contentUrl\":\"http:\/\/canmatematik.com\/wp-content\/uploads\/2023\/04\/Can-Matematik-2.png\",\"width\":500,\"height\":500,\"caption\":\"Can Matematik\"},\"image\":{\"@id\":\"https:\/\/canmatematik.com\/#\/schema\/logo\/image\/\"},\"sameAs\":[\"https:\/\/www.instagram.com\/yusufcmatematik\/\",\"https:\/\/www.tiktok.com\/@canmatematik\"]}]}<\/script>\n<!-- \/ Yoast SEO plugin. -->","yoast_head_json":{"title":"E\u011fitmenlerimizin Ortak \u00d6zellikleri - Can Matematik","description":"Akademik olarak ba\u015far\u0131l\u0131 olman\u0131n yan\u0131nda ayr\u0131ca hepsi g\u00fclery\u00fczl\u00fc , samimi ve al\u00e7ak g\u00f6n\u00fcll\u00fc ki\u015filerdir. E\u011fitmenlerimizin hepsi s\u0131navla al\u0131n\u0131r.","robots":{"index":"index","follow":"follow","max-snippet":"max-snippet:-1","max-image-preview":"max-image-preview:large","max-video-preview":"max-video-preview:-1"},"canonical":"https:\/\/canmatematik.com\/?page_id=872","og_locale":"tr_TR","og_type":"article","og_title":"E\u011fitmenlerimizin Ortak \u00d6zellikleri - Can Matematik","og_description":"Akademik olarak ba\u015far\u0131l\u0131 olman\u0131n yan\u0131nda ayr\u0131ca hepsi g\u00fclery\u00fczl\u00fc , samimi ve al\u00e7ak g\u00f6n\u00fcll\u00fc ki\u015filerdir. E\u011fitmenlerimizin hepsi s\u0131navla al\u0131n\u0131r.","og_url":"https:\/\/canmatematik.com\/?page_id=872","og_site_name":"Can Matematik","article_modified_time":"2023-07-29T09:53:23+00:00","og_image":[{"url":"https:\/\/canmatematik.com\/wp-content\/uploads\/2023\/07\/c1-1024x1024.png"}],"twitter_card":"summary_large_image","twitter_misc":{"Tahmini okuma s\u00fcresi":"1 dakika"},"schema":{"@context":"https:\/\/schema.org","@graph":[{"@type":"WebPage","@id":"https:\/\/canmatematik.com\/?page_id=872","url":"https:\/\/canmatematik.com\/?page_id=872","name":"E\u011fitmenlerimizin Ortak \u00d6zellikleri - Can Matematik","isPartOf":{"@id":"https:\/\/canmatematik.com\/#website"},"primaryImageOfPage":{"@id":"https:\/\/canmatematik.com\/?page_id=872#primaryimage"},"image":{"@id":"https:\/\/canmatematik.com\/?page_id=872#primaryimage"},"thumbnailUrl":"https:\/\/canmatematik.com\/wp-content\/uploads\/2023\/07\/c1-1024x1024.png","datePublished":"2023-04-21T19:31:12+00:00","dateModified":"2023-07-29T09:53:23+00:00","description":"Akademik olarak ba\u015far\u0131l\u0131 olman\u0131n yan\u0131nda ayr\u0131ca hepsi g\u00fclery\u00fczl\u00fc , samimi ve al\u00e7ak g\u00f6n\u00fcll\u00fc ki\u015filerdir. E\u011fitmenlerimizin hepsi s\u0131navla al\u0131n\u0131r.","breadcrumb":{"@id":"https:\/\/canmatematik.com\/?page_id=872#breadcrumb"},"inLanguage":"tr","potentialAction":[{"@type":"ReadAction","target":["https:\/\/canmatematik.com\/?page_id=872"]}]},{"@type":"ImageObject","inLanguage":"tr","@id":"https:\/\/canmatematik.com\/?page_id=872#primaryimage","url":"https:\/\/canmatematik.com\/wp-content\/uploads\/2023\/07\/c1-1024x1024.png","contentUrl":"https:\/\/canmatematik.com\/wp-content\/uploads\/2023\/07\/c1-1024x1024.png"},{"@type":"BreadcrumbList","@id":"https:\/\/canmatematik.com\/?page_id=872#breadcrumb","itemListElement":[{"@type":"ListItem","position":1,"name":"Anasayfa","item":"https:\/\/canmatematik.com\/"},{"@type":"ListItem","position":2,"name":"E\u011fitmenlerimizin Ortak \u00d6zellikleri"}]},{"@type":"WebSite","@id":"https:\/\/canmatematik.com\/#website","url":"https:\/\/canmatematik.com\/","name":"Can Matematik","description":"\u00d6zel Hissettirir","publisher":{"@id":"https:\/\/canmatematik.com\/#organization"},"potentialAction":[{"@type":"SearchAction","target":{"@type":"EntryPoint","urlTemplate":"https:\/\/canmatematik.com\/?s={search_term_string}"},"query-input":"required name=search_term_string"}],"inLanguage":"tr"},{"@type":"Organization","@id":"https:\/\/canmatematik.com\/#organization","name":"Can Matematik","url":"https:\/\/canmatematik.com\/","logo":{"@type":"ImageObject","inLanguage":"tr","@id":"https:\/\/canmatematik.com\/#\/schema\/logo\/image\/","url":"http:\/\/canmatematik.com\/wp-content\/uploads\/2023\/04\/Can-Matematik-2.png","contentUrl":"http:\/\/canmatematik.com\/wp-content\/uploads\/2023\/04\/Can-Matematik-2.png","width":500,"height":500,"caption":"Can Matematik"},"image":{"@id":"https:\/\/canmatematik.com\/#\/schema\/logo\/image\/"},"sameAs":["https:\/\/www.instagram.com\/yusufcmatematik\/","https:\/\/www.tiktok.com\/@canmatematik"]}]}},"jetpack_sharing_enabled":true,"_links":{"self":[{"href":"https:\/\/canmatematik.com\/index.php?rest_route=\/wp\/v2\/pages\/872","targetHints":{"allow":["GET"]}}],"collection":[{"href":"https:\/\/canmatematik.com\/index.php?rest_route=\/wp\/v2\/pages"}],"about":[{"href":"https:\/\/canmatematik.com\/index.php?rest_route=\/wp\/v2\/types\/page"}],"author":[{"embeddable":true,"href":"https:\/\/canmatematik.com\/index.php?rest_route=\/wp\/v2\/users\/1"}],"replies":[{"embeddable":true,"href":"https:\/\/canmatematik.com\/index.php?rest_route=%2Fwp%2Fv2%2Fcomments&post=872"}],"version-history":[{"count":8,"href":"https:\/\/canmatematik.com\/index.php?rest_route=\/wp\/v2\/pages\/872\/revisions"}],"predecessor-version":[{"id":1366,"href":"https:\/\/canmatematik.com\/index.php?rest_route=\/wp\/v2\/pages\/872\/revisions\/1366"}],"wp:attachment":[{"href":"https:\/\/canmatematik.com\/index.php?rest_route=%2Fwp%2Fv2%2Fmedia&parent=872"}],"curies":[{"name":"wp","href":"https:\/\/api.w.org\/{rel}","templated":true}]}}